uppose -3*n = 4*g - u*g + 64, 118 = -5*n - 3*g. Let o = 52 - n. Calculate the highest common factor of 15 and o.
15
Let o(c) = -6*c + 21. Let r be o(-13). What is the highest common divisor of r and 11?
11
Suppose 2*t + 17 = a - t, -4*t + 52 = 4*a. Let p be 192/a + (-4)/(-14). Calculate the highest common divisor of 35 and p.
7
Let j(z) = z + 7. Let o be j(-3). Calculate the greatest common factor of 28 and o.
4
Let d = 205 - 139. Suppose 6 = p - 2*s, s + s + 2 = 0. Suppose p*o = -2*z + 22 - 0, o - 5*z - 11 = 0. What is the highest common factor of d and o?
6
Let o be (0 + -3)/(0 - 1). Suppose 2*m + o*m = 35. What is the highest common divisor of m and 56?
7
Let z = 12 - 27. Let y be 23/(-5) - (-6)/z. Let g be 34/10 - (-2)/y. What is the highest common divisor of g and 21?
3
Suppose 3 = n - 2. Let a = n + -3. Let w(x) = x**3 - 2*x**2 - 4*x + 6. Let j be w(4). What is the greatest common factor of a and j?
2
Let c = -114 - -172. What is the highest common factor of 87 and c?
29
Suppose -2*u + 7*u = -4*p + 5, -5 = -5*u - 5*p. Let l = 4 + u. Suppose l*o - 16 = 4. What is the highest common factor of o and 1?
1
Let r = -6 - -24. Calculate the greatest common factor of 45 and r.
9
Let l(h) = 2*h**2 - 4*h + 8. Let n be (-2)/2*(-12)/3. Let r be l(n). Calculate the highest common divisor of r and 264.
24
Let f = -481 - -819. Calculate the greatest common divisor of 26 and f.
26
Suppose 8*t + 6 = 5*t. Let x be t/10 - 291/(-5). Suppose -5*k = -x + 3. Calculate the highest common divisor of 22 and k.
11
Suppose -2*i + 8 = -0. Suppose -i*k + 5*s + 340 = 0, -3*s = k - 0*k - 68. Calculate the greatest common divisor of 10 and k.
10
Let y be (3/6)/((-2)/(-24)). Suppose 3*j + 3 = y. What is the highest common factor of 3 and j?
1
Suppose 89 = -j + 4*j - s, 0 = -3*j - 4*s + 79. Let r = -11 + j. Calculate the highest common factor of r and 2.
2
Suppose 0 = -5*p + 2*p + 21. Let k = 0 + p. What is the highest common divisor of 56 and k?
7
Suppose -5*g + 115 = 5*b, 3*b = -11 + 2. Let z be (0 - -33)*g/6. Suppose 4*y - 65 = -y. What is the greatest common divisor of z and y?
13
Let g(r) = -2*r**2 + 24 + 2*r**2 - r**3 + r + r**2 + 0*r**2. Let v be g(0). Suppose 202 = 5*a - 98. Calculate the greatest common factor of v and a.
12
Let w = 17 - 4. Suppose -w = -3*g + 50. What is the greatest common factor of 14 and g?
7
Let t(i) = -13*i + 12. Let m(z) = -3*z + 3. Let j(x) = -9*m(x) + 2*t(x). Let f be j(8). What is the highest common divisor of f and 1?
1
Let p = -4 - -8. Let i(x) = 2*x**3 - 2*x**2 + 6*x. Let l be i(p). Calculate the greatest common factor of l and 15.
15
Let h = -6 + 21. Let t = h - 7. Let d(f) = 2*f**2 + 4*f - 6. Let n be d(-7). What is the highest common factor of t and n?
8
Suppose -17*f + 198 = f. Let g be ((-22)/(-4))/(2/44). What is the highest common factor of g and f?
11
Let h(w) = -w**2 + 9*w - 11. Let s be h(3). What is the highest common factor of s and 7?
7
Suppose -5*h + 4*j = -64 + 13, 4*h = -4*j + 12. Let x(n) = -n**2 + 10*n - 7. Let k be x(h). Let v = k + -3. What is the greatest common factor of v and 55?
11
Let f(a) = 15 - 4*a**2 + 3*a**2 + 21. Let q = -6 + 6. Let z be f(q). Calculate the highest common divisor of 12 and z.
12
Suppose 0*c - 308 = -4*c. Suppose -c + 11 = -3*t. Let n be (1 + 21)*(-35)/(-14). What is the highest common divisor of n and t?
11
Let j(l) = -9*l**3 - 2*l**2 - l. Let b be j(-1). Suppose -p = b - 28. What is the greatest common divisor of p and 30?
10
Suppose 3*h - 2*h - 3*p + 12 = 0, 0 = -2*h + 5*p - 19. What is the greatest common divisor of 33 and h?
3
Let t = -11 + 13. Let o = 348 + -146. Suppose t*q = -5*s + 196, 5*s - o = -0*q + q. Calculate the highest common factor of 8 and s.
8
Let u be (63 + -36)/(1 - 3/4). Calculate the greatest common factor of 12 and u.
12
Suppose -3*f - 3*m = -0*m - 102, 0 = 5*f - m - 200. Let n be (-1)/3 + f/9. Let i be (-1 + 3)/(n/14). What is the highest common divisor of i and 63?
7
Suppose -112*o - 152 = -113*o. Calculate the highest common divisor of o and 38.
38
Suppose w - 48 = -w. Suppose 0 = v + 3 - 13. Let f = v - 2. Calculate the highest common factor of w and f.
8
Suppose -l + 8 = l. Suppose l*s - 4*d = 200, 4*d + 56 = 4*s - 3*s. Calculate the highest common factor of s and 6.
6
Suppose 0 = -7*f + 50 + 153. Let m(c) = c**3 + 9*c**2 + 5*c - 5. Let j be m(-7). Calculate the greatest common factor of f and j.
29
Let y = 115 - 50. What is the highest common divisor of 13 and y?
13
Let b(t) = -t**3 - 4*t**2 - 3*t + 3. Let i be b(-3). What is the highest common factor of 12 and i?
3
Let s(l) be the third derivative of -l**6/120 + 7*l**5/60 - l**4/8 - l**3/2 + 2*l**2. Let f be s(6). What is the greatest common divisor of f and 30?
15
Let j = 7 - -8. Calculate the greatest common divisor of 3 and j.
3
Suppose 2*t = t + 45. Suppose 2*g = g + 1. Let o be 1*(20 - (g - -1)). What is the greatest common factor of t and o?
9
Let j(f) = 9*f**2 + 2*f - 1. Let b be j(1). Suppose -z = 2*z + 150. Let p be 0 - 3/3*z. What is the greatest common factor of p and b?
10
Let r be (-3)/(-2 - (-129)/69). Let a = 13 - -21. Let n = a - r. What is the greatest common divisor of n and 110?
11
Suppose 0 = -5*o - 4*j + 37, -2*j = -5*o - 0*j + 49. Let k(w) = -w + 3. Let x be k(-6). Calculate the highest common factor of o and x.
9
Let t(q) be the second derivative of -5*q**3/6 - q**2/2 - 3*q. Let u be t(-5). Calculate the highest common factor of 168 and u.
24
Let m = -11 + 17. Let g(a) = a**3 - 3*a**2 + 2*a - 2. Let j be g(3). Let k be (-64)/(-10) + j/(-10). What is the greatest common divisor of k and m?
6
Suppose 2*u + v - 2*v = 12, 3*v = 6. Let n = 13 - 6. Calculate the highest common factor of n and u.
7
Suppose 0 = -2*o - o - 5*y + 18, -2*y = -o + 6. What is the greatest common factor of o and 6?
6
Let o(w) = -w - 1. Let t be o(-4). Let p(m) = 13*m + 3. Let n be p(t). Let r be 280/30*(1 - (-4 + 2)). Calculate the highest common divisor of r and n.
14
Let n = -17 - -45. Calculate the highest common divisor of n and 70.
14
Let y be ((-3)/6)/(2/(-60)). Let a(q) = -3*q + 27. Let w be a(8). What is the greatest common divisor of w and y?
3
Let z(o) = 3*o - 2. Let y be z(2). Let p = 53 + -37. Let w = p - y. What is the highest common factor of 108 and w?
12
Let r(b) = -b**3 - b**2 - 3. Let t be ((-18)/(-4))/((-3)/4). Let l be 2/t + 16/(-6). Let i be r(l). Calculate the highest common divisor of i and 75.
15
Let o be ((-72)/14)/((-18)/84). Let g be 2634/o - (-2)/8. Calculate the greatest common divisor of 10 and g.
10
Suppose -p + 4*y + 23 - 2 = 0, 27 = 2*p - 5*y. What is the highest common factor of p and 3?
1
Suppose 2*p - 7*p - 180 = 0. Let q = -57 - -125. Let x = p + q. What is the highest common factor of 4 and x?
4
Let h(r) = 3*r - 10. Let b be h(7). Suppose -28 - 38 = -3*f. Calculate the highest common divisor of f and b.
11
Let l(q) = 2*q**2 - q + 1. Let c be l(-2). Let d be 48/32 - 19/(-2). Calculate the highest common divisor of c and d.
11
Let f(i) = 12*i - 4. Let q be f(2). What is the highest common factor of q and 10?
10
Let j = -5 - -14. Let f be 5*(j/15 - -1). Suppose f = 4*x + 5*s, 0*x + x - 3*s - 19 = 0. What is the highest common factor of x and 56?
7
Let x be (12/(-5))/(45/(-600)). Calculate the highest common divisor of x and 8.
8
Suppose -2 - 1 = 3*j + 5*z, 3*z - 27 = 3*j. Let y be 346/10 - j/15. Suppose 0 = p + p - 28. What is the highest common divisor of p and y?
7
Suppose 2 = 3*b + 8. Let x(z) = -7*z - 3. Let y be x(b). Suppose 0*p + 4*p - 4 = 0. What is the greatest common factor of y and p?
1
Suppose 3*x - x - 16 = 0. Suppose 7 = l - x. What is the highest common divisor of l and 165?
15
Suppose 0 = -4*q - y + 7, -21*y + 17*y - 4 = 0. Let u be (2/3)/((-1)/(-18)). Calculate the greatest common divisor of u and q.
2
Suppose -2*n = -0*n - 20. Let j = 27 - -55. Let f = j + 8. What is the highest common factor of f and n?
10
Suppose -9*r + 5 = -247. What is the highest common divisor of 112 and r?
28
Suppose 0 = 5*c - d - 2, 2*c = -c - 5*d - 10. Suppose 0*o + 3*o - 42 = c. What is the highest common factor of 84 and o?
14
Let r(k) = -5*k - 5. Let c(s) = s + 6. Let m be c(-10). Let d be r(m). Calculate the greatest common divisor of 10 and d.
5
Suppose -3*z + z + 80 = -2*r, z +